t r = -4472 + 4466. Let o(j) = -12*j - 9. Calculate o(r).
63
Let h(w) be the third derivative of w**5/60 - 11*w**4/8 - 163*w**3/6 + 7*w**2 - 111*w + 1. What is h(37)?
-15
Let w be 2/(126/14 + -10). Let g(j) = -31*j**2 - 63*j + 1. Determine g(w).
3
Suppose -900 = -o - 19*o. Let d = o + -33. Let l(p) = -2*p + 18. Give l(d).
-6
Let u(r) = -4*r**3 + 14*r**2 - 47*r + 25. Let f(i) = 2*i**3 - 5*i**2 + 17*i - 9. Let v(d) = -11*f(d) - 4*u(d). Let n = 5 - 4. Determine v(n).
-7
Let q(a) = -a**2 - 4. Suppose u = -4*u + i + 677, -2*u - 5*i = -287. Let o = -136 + u. Calculate q(o).
-4
Suppose -2*a - 2 = -12. Let w(p) = 5*p**3 + a*p**2 + 4*p**2 - 11*p**2 + 1. Let t = 219 - 218. Give w(t).
4
Suppose 1913 + 686 = 23*u. Let o(a) = 4*a - 119 - a**2 - u + 232. Give o(3).
3
Let g(f) = 7*f + 105. Suppose -q - 5*w = 30, q - 5*w = -0*w. What is g(q)?
0
Let p(w) be the second derivative of -w**3/6 + w**2/2 + w. Suppose 5*k = 20, j = -5*k + 31 - 4. Suppose 0 = j*x - 22*x + 60. Give p(x).
-3
Let x(g) be the first derivative of -9*g**2/2 + 56*g + 1223. Calculate x(5).
11
Suppose -u = -27 + 70. Let y = u - -49. Let p(m) = -14*m**2 + 15*m**2 - 4*m - 3*m + 2 - 8. Give p(y).
-12
Let t(b) = -b + 6. Let v be (-2)/14 - 1265/161. Let s be v/(-20) - (-240)/25. What is t(s)?
-4
Let t(n) = -5*n. Let v be 2/((-6)/(-15)) - -4. Let g be v - (8/(-4) + -2). Suppose -4*y - g + 9 = 0. What is t(y)?
5
Suppose 2*b - 2*w = -12, -b + 8 = 5*w - 4. Let x(k) = -k**3 - 5*k**2 - 2*k + 3. Determine x(b).
-9
Suppose -59 = -51*p + 43. Let t be (35 - 36)/(p/14). Let r(a) = 2*a - 2. Calculate r(t).
-16
Let u(j) = -14*j - 2788765 + 2788765. Let x be (-2)/4*(-30 - -32). Calculate u(x).
14
Let t(s) = -s + 2. Suppose 5*c - 1079 = 3*n - 185, -n - 3 = 0. Let x = c - 169. Calculate t(x).
-6
Let l(b) = -b**3 + 21*b - 11*b + 5*b**2 - 5*b**2 + 0*b**2 - 3*b**2 + 6. Let k(i) = 3*i + 1. Let a be k(-2). Calculate l(a).
6
Let y(l) = -240*l + 56. Let j(d) = -360*d + 98. Let x(m) = 15*j(m) - 22*y(m). Give x(2).
-2
Let j(y) be the first derivative of 3/8*y**4 + 5/3*y**3 + 37/2*y**2 - 1/60*y**5 + 4 + 0*y. Let p(n) be the second derivative of j(n). Determine p(10).
0
Let u(q) be the second derivative of 23*q**5/20 + q**4/12 + q**3/3 + q**2/2 + 98*q - 3. Give u(-1).
-23
Let y(w) = -w**2 + 2. Let v(s) = -26*s - 47. Let x be v(-2). Suppose -4*a + r = 11, 3*r - 3 = 2*a - x*a. Give y(a).
-2
Let n(x) = -12*x**2 + 122702 - 122693 - 5*x - 2*x + 2*x**3. Calculate n(7).
58
Let i(s) = 8 - 9*s**2 - s**3 + 12*s - 7 - 27 + 2*s**3 + 57. What is i(6)?
-5
Let s(i) = 8*i + 2. Suppose 0 = 9*v - 0*v - 54. Suppose v*m - 8 + 14 = 0. Calculate s(m).
-6
Let o(c) = 2. Suppose 0 = 7*h - 7 - 7. Let f(t) = 4*t + 3. Let d(y) = h*o(y) + f(y). Give d(-5).
-13
Let c be 0/(-3*3/(-9)). Suppose 3 + c = 3*b. Let l be (3/(-6))/(3/(-4) + b). Let x(y) = -y**3 - y**2. Determine x(l).
4
Let q = -1161 - -1156. Let f(c) = -2*c + 2. Give f(q).
12
Suppose 14*q + 32 = 6*q + 4*x, 3*q + 4*x - 10 = 0. Let z(u) = 3*u**2 + 15*u + 17. What is z(q)?
-1
Let r = -60 - -60. Suppose 23*v - 4*v - 38 = r. Let u(t) = -18*t**3 + v*t - 3*t**2 - 19*t**3 - 20*t**3 + 2 + 58*t**3. Calculate u(3).
8
Let d(f) = -364*f**2 - 16 - 6*f + 186*f**2 + 10*f + 6*f + 179*f**2. Calculate d(-10).
-16
Let z(s) be the first derivative of -3*s**2/2 - 28*s - 750. Give z(-13).
11
Let o(u) = -21674*u**2 + 4*u + 21675*u**2 + 17 + 13. What is o(-6)?
42
Let p(g) = 7*g + 3 + 4*g**2 - 5*g**2 + 0*g**2. Suppose 64*i + 11 = z + 60*i, 3*z = -4*i + 17. What is p(z)?
3
Let w(b) = -41442*b**3 + 10 + 41444*b**3 - 41*b**2 + 18*b + 10. Give w(20).
-20
Let g(h) = -h**3 - 2*h**2 + 5*h + 3. Let d be g(-2). Let w(s) = -78 + 152 - 73. Let y(b) = b**3 + 8*b**2 + 7*b - 13. Let q(x) = -4*w(x) - y(x). Determine q(d).
9
Let k(l) be the third derivative of -l**6/120 + l**5/20 + 5*l**4/8 + 5*l**3/3 - 18*l**2 + 3. Let b be k(6). Let s(h) = h**2 + 8*h - 6. Calculate s(b).
-6
Let d(k) = 60 + k**2 - 22 + 0*k**2 - 21 - 20. What is d(-4)?
13
Let u = 41470 + -41450. Let c(a) = -9*a + 187. What is c(u)?
7
Let f(k) = -6*k + 108. Let z be f(16). Let u be (-12)/(-18) - (-40)/z. Let a(n) = n**3 - 4*n**2 - 2*n + 4. Give a(u).
-4
Suppose 0 = -3*r - 3*o + 3, 5*r - 64*o = -61*o + 29. Let j(p) = 3*p**2 - 1 - 2 - 7*p + 18*p - 8*p - p**3. Calculate j(r).
-7
Let n(k) = -k - 1. Suppose 11 = m + 8. Suppose -4*d + 26 = 4*o - 2*d, 2*o - 33 = m*d. Suppose 3*g - 3 = -s + o, -12 = -3*s - g. Calculate n(s).
-4
Suppose 230 = 2*t - 4*v, 2*t - v - v - 234 = 0. Let c = t + -113. Let r(f) = f**3 - 6*f**2 - 3*f + 8. What is r(c)?
-10
Let v(u) = u**2 + 6*u + 5. Suppose -9800*t + 9785*t - 90 = 0. Calculate v(t).
5
Let u(q) = -8*q - 238. Let b(o) = 3*o + 86. Let h(t) = 11*b(t) + 4*u(t). Let p = 6 + -7. Let y = 4 + p. Determine h(y).
-3
Let u(h) = -h**3 - 18*h**2 + 40*h + 1. Suppose 4*o + 53 - 13 = 2*o + d, 3*d = 0. Determine u(o).
1
Let h(b) = 2*b + 17. Suppose s - 3*v = -13, 0 = 3*s - 80*v + 77*v + 21. What is h(s)?
9
Let q(h) be the third derivative of h**6/360 + h**5/60 - h**4/6 + 47*h**3/3 - 65*h**2. Let x(s) be the first derivative of q(s). Give x(2).
4
Suppose -4*b = -b + 5*f + 28, 0 = b + 5*f + 6. Let w(n) = 30*n - 11. Let l(g) = 6*g - 2. Let d(q) = b*l(q) + 2*w(q). Calculate d(4).
-24
Let y = -12401 + 12417. Let w(n) = 7*n - 20. Calculate w(y).
92
Let c(a) = -2*a**2 + 7*a + 16. Let b be c(0). Let p(y) = -y + 4. Give p(b).
-12
Let l be ((8 - 6) + -2)/(-2). Let x(c) be the second derivative of -1/20*c**5 - 5/3*c**3 + l - c**4 + 7/2*c**2 + c. Calculate x(-11).
-4
Let b(p) be the third derivative of p**5/60 - 7*p**4/12 - 5*p**3/2 + 3711*p**2. Calculate b(15).
0
Let k(l) = l**2 - 6*l - 16. Let i(x) = 4*x**2 - 39*x + 35. Let r be i(9). Determine k(r).
0
Let q be 10*(328/40 - 8). Let z(f) = -6 + 1 - 3*f - f**2 + 2*f**2 + 2*f + q*f. What is z(-3)?
1
Let b(w) = -96 - 2*w**3 - 31*w + 20*w + 89 - 8*w**2. Give b(-5).
98
Let d(z) = 12*z + 48. Let p be d(-4). Let f(x) be the third derivative of x**4/6 - 4*x**3/3 + x**2 + 13. What is f(p)?
-8
Let t(y) = y**2 + 16*y - 473. Let z be t(15). Let j(u) = u**3 + 8*u**2 + u + 8. What is j(z)?
0
Let t(f) = -26*f - 20. Let z(l) = 5*l + 3. Let d(c) = -t(c) - 5*z(c). Suppose -32 = 4*s + 4. Calculate d(s).
-4
Let v(g) = -g**3 - 4*g**2 + 46*g + 17. Let f be (-600)/70 + 75/(-175). Give v(f).
8
Let x(f) = 2*f**2 + f - 2. Let i be ((-4)/(-8) - (-9)/(-6))*0. Let q be 1 + (i - -2) + -14 + 13. Give x(q).
8
Suppose 2*q - 43 = -3*n, -3*n + 0*q + 18 = -3*q. Let o = n - 2. Let d(t) = 7 - 2 - 3 + 4*t - 2*t - t. Determine d(o).
11
Let v(k) = -3*k - 68. Let i be v(-29). Suppose 0 = -i*m + 22*m - 15. Let l(b) = -3*b + 2 - b**2 + 4*b + 2*b. Calculate l(m).
-8
Let w(c) = -4*c + 2*c - c + 7 - 2 - 6. Suppose -14*a + 4 = -13*a. Suppose -2*f = -3*l + 11, 0 = -a*f + 2*l - 6 - 4. What is w(f)?
2
Suppose 2*m + 4 = -3*p, 8*p = 4*m + 3*p - 14. Let i(q) = -66*q**2 + 6*q - m - 61*q**2 + 128*q**2. What is i(-5)?
-6
Let q be (-32)/80*-10 - (14 + 4). Let r(w) = w**3 + 14*w**2 - 1. Give r(q).
-1
Suppose -5*s = -2*z - 35 - 8, 2*s - 2*z = 22. Let x(g) = -g**2 + 3*g + 2 + 3*g - 45 - 4*g + 24 + 8*g. Calculate x(s).
2
Suppose 12*h + 24 = 48. Let j(g) = -3*g**2 - 11*g + 9. Let r(a) = -a**2 - 5*a + 4. Let u(t) = -2*j(t) + 5*r(t). Calculate u(h).
0
Suppose -5*l - 119*n - 22 = -121*n, 0 = -3*l - n. Let a(d) = -2*d**3 - d**2 + 1. Determine a(l).
13
Suppose -5*h - 41 = 3*q, 4*h + 90 = -5*q + 39. Let x(g) be the second derivative of -g**5/20 - g**4/3 - g**3/6 - 3*g**2/2 - g. Calculate x(h).
1
Suppose -t = 4*v + 33, 3*v + 4*t + 17 + 24 = 0. Let a(n) = 2*n + 4. Determine a(v).
-10
Let y(u) be the second derivative of -1/2*u**3 + 9/2*u**2 + 82 - u - 1/12*u**4. Determine y(-7).
-19
Let j(o) = 7*o - 74. Let c(i) = -i + 11. Let z(k) = -13*c(k) - 2*j(k). Determine z(-6).
11
Let t = -266 - -254. Let b(d) = 2*d**2 + 32*d + 18. Calculate b(t).
-78
Let v(i) be the third derivative of i**6/120 + i**5/5 + 25*i**4/24 - 4*i**3/3 - 4*i**2 + 131. What is v(-9)?
10
Let r(x) = 5*x**2 - 5*x + 8. Let u(g) = -4*g**2 + 5*g - 7. Let t(a) = 2*r(a) + 3*u(a). Let q = 16 - 13. Calculate t(q).
-8
Let k(u) be the third derivative of -3*u**5/40 - u**4/24 - u**3/2 - 43*u**2. Let d(r) be the first derivative of k(r). Calculate d(-1).
8
Let a(r) be the third derivative of -r**6/120 - 2*r**5/15 + 3*r**4/4 + 10*